m(f) = -17335*f + 284. What is the tens digit of m(-2)?
5
Suppose 12 + 12 = 3*n, 9*s - 278768 = 2*n. What is the ten thousands digit of s?
3
Suppose 0 = -6*f + 2*f + 1188. Let a be f + 4 - (-6 + 4). Let h = a + -213. What is the tens digit of h?
9
Let j be 4/3 - 0 - (-40)/15. Suppose -j*g + 3*l = 7*l + 9736, 0 = -2*g - l - 4864. What is the units digit of g/(-75) + 4/(-10)?
2
Let g(y) = -y**3 + 7*y**2 - 2*y + 19. Let p be g(6). Let t = -35 + p. Suppose -12*l + 328 = -t*l. What is the units digit of l?
2
Let s(t) = t**3 - 27*t**2 - 51*t + 33. Let n be s(29). Let y be 3 + (-1 - -81 - 3). Suppose -n = -z + 4*b, -y = -z - 2*b + 162. What is the hundreds digit of z?
2
Let g(m) = 3 + 2*m**3 + 94*m - 49*m - 47*m - 11*m**2. What is the tens digit of g(9)?
5
Suppose 0 = -2*c - 85 + 105. What is the units digit of (-35)/c*(-52)/7?
6
Let c be (1 - (-6 - -3)) + -2. Let b be (-4 + 2 - 0)*c*-1. What is the units digit of (-8)/32 - (-237)/b?
9
What is the hundreds digit of (-3)/(24/(-10))*(-1)/(4/(-66448))?
7
Suppose 4*u - 27 = 5*u. Let g be ((-74)/1)/(u/(-6) + -5). Suppose -g = -35*r + 31*r. What is the units digit of r?
7
Suppose -2072 = 4*o - 8*o. Suppose 4*w - 4*k = 6*w - 536, 2*w - o = 2*k. What is the tens digit of w?
6
Let a(q) = 15*q**3 - 8*q**2 - 20*q + 53. What is the tens digit of a(9)?
6
Suppose 3*x - 4*t - 108 = -7*t, 2*x - 5*t - 44 = 0. Let w = x + -62. Let o = 4 - w. What is the units digit of o?
4
Let n(i) = -91*i + 508. What is the hundreds digit of n(-71)?
9
Suppose 426*d - 10804578 - 2164992 = 0. What is the ten thousands digit of d?
3
Suppose 41*x - 134793 = 90010. What is the units digit of x?
3
Let i be 9*1 - (-25 - -32). Suppose 4*l = 2*u + 3668, 0 = -3*l + i*u - u + 2751. What is the units digit of l?
7
Let v = 644 - 638. Suppose -v*t - 290 = -620. What is the tens digit of t?
5
Suppose 22 - 8 = 7*k. Suppose a + 178 = i + 4*i, 82 = k*i - 4*a. Suppose -i = -2*v - 3*v. What is the units digit of v?
7
Let g be 4 - (2 + 0 + 25). Suppose 2*k - 135 = -7. Let h = g + k. What is the units digit of h?
1
Let k(r) = -r**3 - 14*r**2 - 26*r - 21. Let g be k(-12). Let b(h) = -19*h**2 + 3*h - 5. Let l be b(g). Let n = l - -281. What is the tens digit of n?
1
Let r = 2729 - -3695. Suppose 29*j - 7960 - r = 0. What is the units digit of j?
6
What is the hundreds digit of (4 + -6 - 5) + 15698 + -1 + -4?
6
Suppose 5*l - 150585 = -5*f, 3*f + 1705*l - 1707*l - 90311 = 0. What is the ten thousands digit of f?
3
Let t = 175 + -798. What is the tens digit of 19*(12/9 - t/21)?
8
Let y = 29 - 20. Let f(o) = -o**3 + 9*o**2 + 3*o - 20. Let d be f(y). Suppose d*r = 6 + 183. What is the tens digit of r?
2
Suppose -2*s + 14 = 6. Suppose -s*h - w + 460 = 0, 6*w = 2*h + 5*w - 230. What is the hundreds digit of h?
1
Suppose 4*f + 0*f - 27832 = -5*t, 0 = -f - 3*t + 6958. What is the units digit of f?
8
Let s(v) = -23*v + 3. Let y be s(10). Let w = -250 + 632. Let u = y + w. What is the units digit of u?
5
Suppose -y = 106 - 100, 6*y = 3*q - 23205. What is the thousands digit of q?
7
What is the units digit of 6*14/(-12) + 13310?
3
Suppose 4*o - 9 - 7 = 0. Suppose -o*d - q = -24, q + 4 + 17 = 5*d. Suppose -20 = 5*a, 0 = d*g - 2*g - 3*a - 273. What is the units digit of g?
7
Suppose 11*i - 12 = 7*i. Suppose -2*z - 2*o = i*z + 871, 3*z - o + 527 = 0. Let l = z - -247. What is the units digit of l?
2
Let f(w) = 131*w**3 + 2*w**2 - 246*w + 978. What is the units digit of f(4)?
0
Suppose 6*m = 4*m + m. Suppose 7*r + r - 5296 = m. Suppose 5*x + 361 = 3*z, -5*z - 97 = -x - r. What is the hundreds digit of z?
1
Suppose 0 = -29*h - 21*h - 43*h + 603198. What is the hundreds digit of h?
4
Let q be ((-8)/12*5)/((-2)/(-6)). Let p be (q + 1)*6/(-18). Suppose -60 = -u + 4*l, p*l + 17 = 2*u - 128. What is the units digit of u?
0
Let u(j) = -4*j**3 - 56*j**2 - 17*j + 149. What is the ten thousands digit of u(-20)?
1
Let u(w) = 3*w**2 + 10*w + 8. Let h be u(-3). Suppose j - 19*k - 1180 = -20*k, -h*j + 5924 = -3*k. What is the hundreds digit of j?
1
Suppose 21 = 7*d + 7. Let i be 9/18*d*-1. What is the units digit of -3 + i + (-9 - 0)*-18?
8
Suppose -37 = -8*z + 59. Suppose z = 11*a - 10*a + 3*k, 21 = 3*a + 4*k. Suppose a*b + 3*l = 2*l + 278, -5*b + l = -466. What is the units digit of b?
3
Suppose -37*b + 36*b = 97. Let n = b + 201. Let v = n + 52. What is the hundreds digit of v?
1
Let p(a) = a**3 + 22*a**2 - 98*a + 2671. What is the tens digit of p(29)?
2
Let o(n) = -5*n**3 - 5*n - 11*n**3 + 8*n**2 + 17*n**3 + 10*n**2 + 1. What is the tens digit of o(-17)?
7
Suppose 31*q - 143802 = 143320. What is the thousands digit of q?
9
Let n = -837 + 837. What is the hundreds digit of ((-37536)/(-80))/(6/15 + n)?
1
Let m be -1377 - (-12 + (4 - -1)). Let k = -713 - m. What is the hundreds digit of k?
6
Let b be -1052*5/(-5)*3. Suppose 18*x + b = 24*x. What is the hundreds digit of x?
5
Let w(i) = -14*i - 19. Let u(d) = d**2 + 18*d - 26. Let j be u(-22). Suppose -2*y + j = 3*o - 8*o, 0 = -2*o - 4*y - 20. What is the units digit of w(o)?
9
What is the hundreds digit of ((-4)/(-15))/(-2) - (-19 - 1866180/225)?
3
Let d(q) = q**3 - q**2 - 15*q + 2. Let g be d(13). Suppose 8*u - g = 3*u. What is the units digit of u?
7
Let p = -168 - -14. Let m = 306 - p. What is the units digit of m?
0
Suppose 119 = 5*j + 3*r - 195, 0 = 5*j - r - 302. Suppose j - 57 = o. Suppose -o*x + 347 = -677. What is the units digit of x?
6
Suppose -371 = -u - 57. Suppose 3*y - 2*y = 5*v + u, -v = -4*y + 1351. What is the hundreds digit of y?
3
Let o(d) = 27*d**2 + 11*d - 13. Let b(h) = 4*h**2 - 23*h + 2. Let u be b(6). What is the thousands digit of o(u)?
1
Let f = -75 + 99. What is the tens digit of (914/8)/(6 - 138/f)?
5
What is the ten thousands digit of 4/(-8) + (-943802)/(-12) + 176/528?
7
Suppose 0 = 8*b - 2*k - 393356, 2*b + 3*b + 4*k = 245858. What is the thousands digit of b?
9
Let h = -31769 - -88876. What is the tens digit of h?
0
What is the units digit of 8 + 19/((-133)/(-144732))?
4
Suppose 3*n - 1261 = 617. What is the units digit of n + 79 + 14/(-2)?
8
Suppose 312*u - 309*u - 24543 = 0. What is the thousands digit of u?
8
Let c = -25067 + 35634. What is the units digit of c?
7
Suppose -4*v + 22091 + 2253 = 4*h, v - 5*h = 6074. What is the hundreds digit of v?
0
Suppose -5*r - 17604 - 53450 = -3*m, -47362 = -2*m - 4*r. What is the thousands digit of m?
3
Let b = 28 + -35. Let n(l) = -2*l - 5. Let f be n(b). Let k = f - 3. What is the units digit of k?
6
Let a(u) = -6*u**3 - 10*u**2 + 42*u + 571. What is the thousands digit of a(-18)?
1
Let u(m) = 4*m**2 - m + 61. Let d = -447 + 457. What is the tens digit of u(d)?
5
Suppose -1024 = -44*f + 12*f. Suppose -f*o = -18*o - 9856. What is the tens digit of o?
0
Let r be 1 + (-1)/((-1)/4). Suppose -3*f + 4*f = 5*s - 17, -r*f = 10. Suppose -3*w + d = -122, -s*w - 4*d + 106 + 21 = 0. What is the tens digit of w?
4
Let g = 8 - -17. Suppose 0 = 2*a + 10, -24*x + g*x = a + 300. What is the tens digit of x?
9
What is the tens digit of (53 - -2393)*((-8)/(48/(-117)) + -1)?
5
Suppose 1432*c - 1441*c + 41130 = 0. What is the hundreds digit of c?
5
Let c(r) = 6*r**2 + 41*r + 14. Let p(l) = -2*l**2 + l - 1. Let d(g) = -c(g) - 4*p(g). What is the units digit of d(24)?
2
Let g = -28 - -30. Suppose -r = 4, -4*r = 4*p - g*r - 280. Suppose 0 = -2*f + 2*k + p, 72 = -3*f + 5*f + 3*k. What is the units digit of f?
6
Let y(q) = -392*q**3 - 11*q**2 - 2*q + 2. What is the tens digit of y(-3)?
9
Let q(w) = -58*w**3 - 6*w**2 - 16*w - 4. Let l be q(-2). Let o = l - 109. What is the tens digit of o?
5
Let d be (-39*12/(-90))/(2/1285). Let c = d + -1978. What is the units digit of c?
3
Suppose -4*d + 44 = 24. Suppose 2*m = 5*c - 1826, 6*m - 368 = -c + d*m. What is the units digit of c?
6
Let v = -2 - -148. Let q = v - 229. What is the units digit of q*(-1)/(-3 + 4)?
3
Let g(t) = -5*t - 36. Let r(n) = 11*n**2 + 1. Let z be r(2). Let q = -66 + z. What is the units digit of g(q)?
9
Let l(k) be the second derivative of -k**4/12 - 10*k**3/3 + 17*k**2/2 - 2*k. Let n be l(-19). What is the tens digit of 2/(-9) + 1160/n?
3
Let g = 2632 + 1043. What is the units digit of g?
5
Let r(b) = 8*b**2 + 4*b - 2. Suppose 0 = 3*d + 2*d + 5*o - 20, -2*o + 23 = 5*d. What is the units digit of r(d)?
8
Suppose -5 = 